{"id":26643,"date":"2026-01-29T18:00:27","date_gmt":"2026-01-29T16:00:27","guid":{"rendered":"https:\/\/phono.shop\/?post_type=prekes-zenklas&#038;p=26643"},"modified":"2026-01-29T18:00:27","modified_gmt":"2026-01-29T16:00:27","slug":"yashica","status":"publish","type":"prekes-zenklas","link":"https:\/\/phono.shop\/en\/brand-2\/yashica\/","title":{"rendered":"Yashica"},"content":{"rendered":"<p>&#8222;Yashica&#8221; yra kultinis vardas, kurio \u0161aknys fotografijos istorijoje siekia 1940-uosius metus. Gars\u0117janti patikim\u0173 ir naujovi\u0161k\u0173 analogini\u0173 fotoaparat\u0173 gamyba, &#8222;Yashica&#8221; peln\u0117 pasaulin\u012f pripa\u017einim\u0105 su klasikiniais modeliais, tokiais kaip &#8222;Yashica Electro 35&#8221; ir mylimu dviej\u0173 objektyv\u0173 veidrodiniu fotoaparatu &#8222;Yashica Mat-124G&#8221;. \u0160ie fotoaparatai susilauk\u0117 atgarsio tarp fotograf\u0173 visame pasaulyje, jie gars\u0117jo savo patikimumu, intuityvia konstrukcija ir puikiomis optin\u0117mis savyb\u0117mis, kurias pam\u0117go ir fotografai m\u0117g\u0117jai, ir profesionalai.<\/p>\n<p>\u0160iandien &#8222;Yashica&#8221; ir toliau laikosi \u012fsipareigojimo u\u017etikrinti prieinam\u0105 fotografij\u0105, si\u016blydama prieinamus, pradinio lygio skaitmeninius fotoaparatus, skirtus specialiai pradedantiesiems ir fotografijos entuziastams, turintiems nedidel\u012f biud\u017eet\u0105. Laikydamiesi patogaus dizaino tradicij\u0173, &#8222;Yashica&#8221; skaitmeniniuose fotoaparatuose pabr\u0117\u017eiamas paprastas naudojimas, prieinamumas ir kompakti\u0161kumas. Tod\u0117l jie yra ideal\u016bs skaitmenin\u0117s fotografijos vartai tiems, kurie ie\u0161ko paprastumo ir patikimo veikimo.<\/p>","protected":false},"featured_media":26644,"template":"","meta":{"_acf_changed":false,"footnotes":""},"class_list":["post-26643","prekes-zenklas","type-prekes-zenklas","status-publish","has-post-thumbnail","hentry"],"acf":[],"_links":{"self":[{"href":"https:\/\/phono.shop\/en\/wp-json\/wp\/v2\/prekes-zenklas\/26643","targetHints":{"allow":["GET"]}}],"collection":[{"href":"https:\/\/phono.shop\/en\/wp-json\/wp\/v2\/prekes-zenklas"}],"about":[{"href":"https:\/\/phono.shop\/en\/wp-json\/wp\/v2\/types\/prekes-zenklas"}],"version-history":[{"count":2,"href":"https:\/\/phono.shop\/en\/wp-json\/wp\/v2\/prekes-zenklas\/26643\/revisions"}],"predecessor-version":[{"id":26646,"href":"https:\/\/phono.shop\/en\/wp-json\/wp\/v2\/prekes-zenklas\/26643\/revisions\/26646"}],"wp:featuredmedia":[{"embeddable":true,"href":"https:\/\/phono.shop\/en\/wp-json\/wp\/v2\/media\/26644"}],"wp:attachment":[{"href":"https:\/\/phono.shop\/en\/wp-json\/wp\/v2\/media?parent=26643"}],"curies":[{"name":"wp","href":"https:\/\/api.w.org\/{rel}","templated":true}]}}

<p>&#8222;Yashica&#8221; yra kultinis vardas, kurio šaknys fotografijos istorijoje siekia 1940-uosius metus. Garsėjanti patikimų ir naujoviškų analoginių fotoaparatų gamyba, &#8222;Yashica&#8221; pelnė pasaulinį pripažinimą su klasikiniais modeliais, tokiais kaip &#8222;Yashica Electro 35&#8221; ir mylimu dviejų objektyvų veidrodiniu fotoaparatu &#8222;Yashica Mat-124G&#8221;. Šie fotoaparatai susilaukė atgarsio tarp fotografų visame pasaulyje, jie garsėjo savo patikimumu, intuityvia konstrukcija ir puikiomis optinėmis savybėmis, kurias pamėgo ir fotografai mėgėjai, ir profesionalai.</p>
<p>Šiandien &#8222;Yashica&#8221; ir toliau laikosi įsipareigojimo užtikrinti prieinamą fotografiją, siūlydama prieinamus, pradinio lygio skaitmeninius fotoaparatus, skirtus specialiai pradedantiesiems ir fotografijos entuziastams, turintiems nedidelį biudžetą. Laikydamiesi patogaus dizaino tradicijų, &#8222;Yashica&#8221; skaitmeniniuose fotoaparatuose pabrėžiamas paprastas naudojimas, prieinamumas ir kompaktiškumas. Todėl jie yra idealūs skaitmeninės fotografijos vartai tiems, kurie ieško paprastumo ir patikimo veikimo.</p>
